{"id":17,"date":"2012-01-03T16:15:47","date_gmt":"2012-01-03T21:15:47","guid":{"rendered":"http:\/\/www.nhvweb.net\/vhs\/worldlanguage\/?page_id=17"},"modified":"2017-02-13T14:50:34","modified_gmt":"2017-02-13T19:50:34","slug":"honor-societies","status":"publish","type":"page","link":"https:\/\/www.nhvweb.net\/vhs\/worldlanguage\/honor-societies\/","title":{"rendered":"Honor Societies"},"content":{"rendered":"<table style=\"width: 100%\" border=\"0\">\n<tbody>\n<tr>\n<td style=\"width: 25%;text-align: center\"><a href=\"http:\/\/www.nhvweb.net\/vhs\/worldlanguage\/files\/2012\/01\/france-flag.jpg\"><img loading=\"lazy\" decoding=\"async\" class=\"aligncenter size-thumbnail wp-image-19\" title=\"france-flag\" src=\"http:\/\/www.nhvweb.net\/vhs\/worldlanguage\/files\/2012\/01\/france-flag-60x60.jpg\" alt=\"\" width=\"60\" height=\"60\" \/><\/a><\/td>\n<td style=\"width: 25%;text-align: center\"><a href=\"http:\/\/www.nhvweb.net\/vhs\/worldlanguage\/files\/2012\/01\/germany-flag.jpg\"><img loading=\"lazy\" decoding=\"async\" class=\"aligncenter size-thumbnail wp-image-20\" title=\"germany-flag\" src=\"http:\/\/www.nhvweb.net\/vhs\/worldlanguage\/files\/2012\/01\/germany-flag-60x60.jpg\" alt=\"\" width=\"60\" height=\"60\" \/><\/a><\/td>\n<td style=\"width: 25%;text-align: center\"><a href=\"http:\/\/www.nhvweb.net\/vhs\/worldlanguage\/files\/2012\/01\/latin-flag.jpg\"><img loading=\"lazy\" decoding=\"async\" class=\"aligncenter size-thumbnail wp-image-13\" title=\"latin-flag\" src=\"http:\/\/www.nhvweb.net\/vhs\/worldlanguage\/files\/2012\/01\/latin-flag-150x150.jpg\" alt=\"\" width=\"60\" height=\"60\" \/><\/a><\/td>\n<td style=\"width: 25%;text-align: center\"><a href=\"http:\/\/www.nhvweb.net\/vhs\/worldlanguage\/files\/2012\/01\/spain-flag.jpg\"><img loading=\"lazy\" decoding=\"async\" class=\"aligncenter size-thumbnail wp-image-14\" title=\"spain-flag\" src=\"http:\/\/www.nhvweb.net\/vhs\/worldlanguage\/files\/2012\/01\/spain-flag-150x150.jpg\" alt=\"\" width=\"60\" height=\"60\" \/><\/a><\/td>\n<\/tr>\n<tr>\n<td style=\"width: 25%;text-align: center\">\u00a0<em><strong><span style=\"font-family: Palatia\">Soci\u00e9te Honoraire de Fran\u00e7ais<br \/>\nChapitre St Exup\u00e9ry<\/span><\/strong><\/em><\/td>\n<td style=\"width: 25%;text-align: center\"><strong><em><span style=\"font-family: Palatia\"><span style=\"font-family: Palatia\">Deutsche Ehrenvereinigung<\/span><br \/>\nBeta\u00a0 Epsilon Phi<\/span><\/em><\/strong><\/td>\n<td style=\"width: 25%;text-align: center\">\u00a0<strong><em><span style=\"font-family: Palatia\">Latina Honoris Societas ad<br \/>\nPromovendum Studium Latinum<\/span><\/em><\/strong><\/td>\n<td style=\"width: 25%;text-align: center\"><em><strong><span style=\"font-family: Palatia\">Sociedad Honoraria Hisp\u00e1nica<br \/>\nCap\u00edtulo Francisco\u00a0 Pizarro<\/span><\/strong><\/em><\/td>\n<\/tr>\n<\/tbody>\n<\/table>\n<p>&nbsp;<\/p>\n","protected":false},"excerpt":{"rendered":"<p>\u00a0Soci\u00e9te Honoraire de Fran\u00e7ais Chapitre St Exup\u00e9ry Deutsche Ehrenvereinigung Beta\u00a0 Epsilon Phi \u00a0Latina Honoris Societas ad Promovendum Studium Latinum Sociedad Honoraria Hisp\u00e1nica Cap\u00edtulo Francisco\u00a0 Pizarro &nbsp;<\/p>\n","protected":false},"author":1,"featured_media":0,"parent":0,"menu_order":0,"comment_status":"closed","ping_status":"closed","template":"","meta":{"_genesis_hide_title":false,"_genesis_hide_breadcrumbs":false,"_genesis_hide_singular_image":false,"_genesis_hide_footer_widgets":false,"_genesis_custom_body_class":"","_genesis_custom_post_class":"","_genesis_layout":"","footnotes":""},"class_list":{"0":"post-17","1":"page","2":"type-page","3":"status-publish","5":"entry","6":"override"},"_links":{"self":[{"href":"https:\/\/www.nhvweb.net\/vhs\/worldlanguage\/wp-json\/wp\/v2\/pages\/17","targetHints":{"allow":["GET"]}}],"collection":[{"href":"https:\/\/www.nhvweb.net\/vhs\/worldlanguage\/wp-json\/wp\/v2\/pages"}],"about":[{"href":"https:\/\/www.nhvweb.net\/vhs\/worldlanguage\/wp-json\/wp\/v2\/types\/page"}],"author":[{"embeddable":true,"href":"https:\/\/www.nhvweb.net\/vhs\/worldlanguage\/wp-json\/wp\/v2\/users\/1"}],"replies":[{"embeddable":true,"href":"https:\/\/www.nhvweb.net\/vhs\/worldlanguage\/wp-json\/wp\/v2\/comments?post=17"}],"version-history":[{"count":4,"href":"https:\/\/www.nhvweb.net\/vhs\/worldlanguage\/wp-json\/wp\/v2\/pages\/17\/revisions"}],"predecessor-version":[{"id":43,"href":"https:\/\/www.nhvweb.net\/vhs\/worldlanguage\/wp-json\/wp\/v2\/pages\/17\/revisions\/43"}],"wp:attachment":[{"href":"https:\/\/www.nhvweb.net\/vhs\/worldlanguage\/wp-json\/wp\/v2\/media?parent=17"}],"curies":[{"name":"wp","href":"https:\/\/api.w.org\/{rel}","templated":true}]}}